12 = z*l. Calculate the remainder when l is divided by 8.
6
Let a(j) = j**2 + 6*j - 2. Suppose -3*m + 5*m = -16. What is the remainder when 27 is divided by a(m)?
13
Let y = 6 + -21. Let j = y - -21. What is the remainder when 17 is divided by j?
5
Let f be 27/3 - (0 + -3). Suppose 2*h - 2*o = 130, f = -5*h - o + 337. What is the remainder when h is divided by 33?
32
Suppose a - 9*a = -312. What is the remainder when 71 is divided by a?
32
Suppose -10 = -2*f + 2*z, 4*f + z - 17 = 4*z. Suppose -5*q - 25 = -3*x, -q + f*q = 4*x - 39. What is the remainder when (3 - (2 - 0)) + 28 is divided by x?
9
Let y be 3 + 0 - (3 - 3). Suppose 4*u - y = 53. Calculate the remainder when 26 is divided by u.
12
Let f = -88 + 131. Suppose a + 45 = 4*a. What is the remainder when f is divided by a?
13
Let o(g) = 5*g**3 + g**2 - g + 1. Let m be o(1). Let y = m + -10. Let b(d) = -d**2 - 7*d - 5. What is the remainder when 12 is divided by b(y)?
5
Suppose -2*f + 70 = 3*f. Let y = 63 - 22. What is the remainder when y is divided by f*2/4*3?
20
Calculate the remainder when (-616)/(-32) - 2/8 is divided by 10.
9
Suppose -75 = -4*y + 73. What is the remainder when y is divided by 10?
7
Suppose -3*y + 85 = -137. What is the remainder when y is divided by 25?
24
Suppose -4*r + 14 + 2 = 0. Let c be ((-7)/4)/(1/(-20)). Let u = c - 25. What is the remainder when u is divided by r?
2
Let z(p) = -3*p - 6. Let y be -6 + (3/(-3))/(-1). Suppose -3*w = -2*i + 20, 0*w - 56 = -3*i - 2*w. What is the remainder when i is divided by z(y)?
7
Let q be 6 + -2*3/6. Suppose -3*u = 3*r - 5*u - 45, 0 = -q*r - 2*u + 91. Calculate the remainder when r is divided by 5.
2
Let q(f) = -f**2 + 8*f + 7. Let j be q(9). What is the remainder when 66/9 - (-2)/(-6) is divided by (-45)/10*j/3?
1
Calculate the remainder when 67 is divided by 29 + -3 + ((-3)/3)/(-1).
13
Suppose 5*c + 10 = 185. What is the remainder when 138 is divided by c?
33
Let b(h) = -h**2 + 6*h + 15. Let i be b(10). Let y = -16 - i. What is the remainder when 24 is divided by y?
6
Let h be ((-1)/(-2))/((-1)/(-8)). Suppose -h*n = 5*y - 0*n - 103, n - 89 = -4*y. What is the remainder when y is divided by 14/1 - 1 - 1?
11
Let l = 72 + -29. Let c(f) be the third derivative of -f**6/120 + f**5/20 + f**4/6 + f**3/2 - 3*f**2. What is the remainder when l is divided by c(-2)?
13
Suppose -k = -2, -k + 7 = -7*f + 2*f. Let n(w) = -5*w + 1. What is the remainder when 10 is divided by n(f)?
4
Suppose 0 = -v + 2*v - 2*p - 18, -5*v + 3*p = -55. Calculate the remainder when 29 is divided by v.
5
Suppose 11 = 5*b - 44. Calculate the remainder when b is divided by (-36)/48 + (-54)/(-8).
5
Let l(z) = 7*z**2 - z - 1. Suppose -2*g - 5*y = -16, y + 3*y - 26 = 5*g. What is the remainder when l(g) is divided by (5*3)/(-1)*-1?
14
Let y be (-69 - 0)/(6/(-8)). Suppose y = -f + 5*f. Calculate the remainder when f is divided by 8.
7
Let r = 28 - 16. Let o(n) = -n**2 - 3*n - 5. Let k(s) = -s. Let a(z) = 5*k(z) + o(z). Calculate the remainder when r is divided by a(-6).
5
Let r(l) = l + 7. Let x(t) = 6*t**2 + t - 1. Let o be x(1). Suppose -h = -2 - 5. What is the remainder when r(o) is divided by h?
6
Let f(x) = 2*x + 19. Let s be 0/(-2) - -1 - -3. Suppose -s*h - 2 = -46. What is the remainder when f(12) is divided by h?
10
Let f = -8 - -12. Let w = 13 - f. Calculate the remainder when (65/5)/(1/2) is divided by w.
8
Suppose 0 = 3*z - m - 13, 4*m = -2*z - 6 - 4. Suppose -4*y - 15 = -5*y - w, -z*w - 12 = 0. What is the remainder when y is divided by 10?
9
Let w(p) = -p**3 + p**2 + 2. Let b be w(-3). Let c = -4 + b. Calculate the remainder when c is divided by 18.
16
Let y = -17 + 19. Calculate the remainder when 71 is divided by y + 14 + (-6)/(-3).
17
Let o(r) = r**3 + 7*r**2 + 4*r + 4. What is the remainder when o(-3) is divided by 6/(-10) - ((-392)/20 + 4)?
13
Let q = 336 - 229. Calculate the remainder when q is divided by 27.
26
Suppose 2*x + x + 5*v = 98, -5 = -5*v. Calculate the remainder when 91 is divided by x.
29
Let b(f) = f**3 + 5*f**2 + 2. Let u be b(-5). Suppose -2*n = -4*n + 10. Suppose n*y - 34 = 3*y + 4*m, 0 = -u*m. Calculate the remainder when y is divided by 9.
8
Suppose -3*v + 3*n - 191 = -5*v, -5*n = -2*v + 167. Calculate the remainder when v is divided by 31.
29
Let t(a) = a**2 - 3*a + 6. Let u be t(5). Let d = -4 + u. Calculate the remainder when d is divided by 7.
5
Suppose 8*n - 5*n + 2*o - 17 = 0, 3*o = 3. What is the remainder when 34 is divided by n?
4
Suppose -3*c + 2*x = -93, -3*c = x + x - 105. Calculate the remainder when 61 is divided by c.
28
Let z(w) = -w**3 - 2*w**2 + w - 5. Let d be z(-4). Let r = -16 + d. Calculate the remainder when 12 is divided by r.
5
Suppose -r + 7 = -o, 3*r = 5*o - 1 + 22. Let b = -1 + 3. Let g = 1 + b. Calculate the remainder when r is divided by g.
1
Suppose -h = -6*h. What is the remainder when 44 is divided by 15 - (h/(-1))/(-2)?
14
Let k = 205 - 200. What is the remainder when 38 is divided by k?
3
Let c(l) be the second derivative of -l + 2/3*l**3 + 0 - l**2. Calculate the remainder when 29 is divided by c(3).
9
Suppose p + 3*p = -3*r - 10, 4*p - 3*r = 2. Let z = p - -10. Calculate the remainder when 28 is divided by 88/z - (-2)/9.
8
Let c(y) = y**3 + 7*y**2. Let x be c(-7). Suppose x = b + 4*b - 85. What is the remainder when 50 is divided by b?
16
Suppose -6*h + 126 = 6. Suppose -3*n + 2*z = -4*n + 57, 0 = -2*n - 3*z + 114. What is the remainder when n is divided by h?
17
Suppose 0*j - j - 4*m = -29, -2*j + 2*m + 8 = 0. Suppose -4*l - j = -61. What is the remainder when l is divided by 5?
3
Suppose 4*q + 15 - 43 = -3*k, 5*k + 2*q = 42. Calculate the remainder when 29 is divided by k.
5
Let y = -55 - -80. Suppose 2*w + 2*w - 28 = 0. Suppose n = -0*n + 5*g - w, 3*n + g = 43. Calculate the remainder when y is divided by n.
12
Suppose d - 121 - 25 = 0. Let s = -11 - -11. Suppose -5*w + 2*q + d = s, -3*w - 2*q + 106 = w. Calculate the remainder when w is divided by 10.
8
Suppose 2 = -2*g + 60. What is the remainder when g is divided by 8?
5
Let k be 1 + 2*(-2)/(-4). Suppose -k*x - 10 = 3*x. Calculate the remainder when 71 is divided by 472/20 - x/5.
23
Let m be -2 + 17/1 + 3. Let w be 4/14 + 51/(-7). Let j = m + w. Calculate the remainder when 31 is divided by j.
9
Suppose v - 9 - 15 = s, 4*s = 5*v - 125. What is the remainder when 54 is divided by v?
25
Let q = 45 - 14. Suppose 5*j = -21 + 56. Suppose 5*y - j = 48. What is the remainder when q is divided by y?
9
Let j(g) = -13 + 0 + 6*g - g**2 + 6*g. Calculate the remainder when 40 is divided by j(9).
12
Let i = -41 - -74. Calculate the remainder when i is divided by 6.
3
Let z = 228 + -15. Suppose 2*w + 17 = 4*h - z, -h + 5*w + 62 = 0. Calculate the remainder when h is divided by 15.
12
Let z(u) = -u**3 + 5*u**2 - 3*u - 3. Let l(i) = i**2 - 4*i + 17. Calculate the remainder when l(6) is divided by z(3).
5
Let u(l) = -l + 16. Let h be u(11). Suppose -155 = -h*o + 45. Calculate the remainder when o is divided by ((-18)/(-10) - -1)*5.
12
Suppose -5*g = k - 4*k - 294, 0 = -g - 3*k + 66. Suppose -5*x + 0*x = -5*s - 15, -3*x = -12. What is the remainder when 0 - g/((-3)/s) is divided by 11?
9
Let p(r) = -3*r - 1. What is the remainder when p(-1) is divided by 2?
0
Suppose -5*g + 7 = -4*a, -5*g + 11 = -0*a - 2*a. What is the remainder when 4 is divided by (-2 - a)*3/(-4)?
1
Let h(l) = l**2 - 6*l + 4. What is the remainder when ((-24)/(-22))/(82/451) is divided by h(6)?
2
Suppose 0 = m + 2*m + 138. Let h = m - -77. Suppose 4*j - 2*d = 50, -d + 3*d - 49 = -5*j. Calculate the remainder when h is divided by j.
9
Let j(f) = f - 4. Let k be j(6). Suppose 4*h = -h + 60. What is the remainder when h is divided by -7*(k - (3 + 0))?
5
Let g(v) = -3*v**2. Let r be g(-1). Let y(j) = -9*j. What is the remainder when y(r) is divided by 14?
13
Let y = 2 + 0. Let p(w) = w**3 + 5*w**2 + 4. Calculate the remainder when p(-5) is divided by y.
0
Suppose 2 = -2*l + 3*l. Suppose x + 4 = -2*t - 19, -5*t - l*x - 56 = 0. Calculate the remainder when 22 is divided by 0 - (-1 - 1) - t.
10
Let n = 42 - 37. Calculate the remainder when 9 is divided by n.
4
Let k = -33 - -47. Calculate the remainder when (-82)/(2 + 0 + -4) is divided by k.
13
Suppose 0 = 3*h + 7 + 17. Calculate the rema